3*w + w + 52. Let r = -26 + w. What is the remainder when 28 is divided by r?
8
Let x(b) = -12*b - 18. Let c(f) = 3*f**2 - f + 4. What is the remainder when x(-6) is divided by c(2)?
12
Let c be -3 - (4 + -5) - -1. Calculate the remainder when 12/(-18) + (-209)/(-3) + c is divided by 18.
14
Let j(n) be the first derivative of -n**3/3 - n**2/2 + 45*n - 4. Suppose 0 = 92*p - 93*p + 23. Calculate the remainder when j(0) is divided by p.
22
Suppose -19*o = -640 - 120. Calculate the remainder when o is divided by 9.
4
Let p be (-3)/3*(-182 + 1). Let z = -23 + p. Calculate the remainder when z is divided by 40.
38
Let i be ((-1 - -1)*1)/(4 + -2). Suppose i = 3*c - 3 - 12. What is the remainder when c is divided by 4?
1
Suppose -c + 19 = 4*r, -2*c - 6 = -5*c + 5*r. Suppose -i + 3*u + 40 = -c, 5*u = -2*i + 50. What is the remainder when 101 is divided by i?
31
Suppose 4*m = 5*m - 5*o - 49, -2*o + 134 = 2*m. Suppose 2*q - 32 = -2*v + 4*q, 4 = v + 3*q. What is the remainder when m is divided by v?
12
Let y = 1143 - 1084. Calculate the remainder when y is divided by 51.
8
Suppose 2*i - 2*g = -6, 2*g - 7*g = 2*i - 29. Suppose 9 = i*n + n. What is the remainder when 39 is divided by (-80)/(-1 - n) - 0?
19
Calculate the remainder when 65 is divided by 3 - -23 - (0/(-1) + 3).
19
Suppose 132 = 3*p - 4*s, -5*s + 3*s + 176 = 4*p. What is the remainder when p is divided by 2?
0
Let f(z) = -6*z. Let b(x) = 5*x - 1. Let m(u) = -4*b(u) - 3*f(u). What is the remainder when 2 is divided by m(1)?
0
Let q(h) = h**3 + 13*h**2 - 2*h. Let c(g) = 3*g + 56. Let n be c(-23). Calculate the remainder when q(n) is divided by 6.
2
Suppose -5*d = -2*i - 67, 5*i + 2*d + d + 183 = 0. Let w = i - -80. Calculate the remainder when 129 is divided by w.
41
Let q = 48 - 28. Suppose -9*r + 4*r + 406 = 4*k, -5*r = 3*k - 402. What is the remainder when r is divided by q?
18
Let w = 1515 + -1498. Suppose -4*m - 4*s - 12 = 0, -20 - 15 = -5*m + 5*s. Calculate the remainder when w is divided by (-52)/(-6) + m/6.
8
Let h = -8 + 10. Suppose 4 = n, h*q - 64 = 2*n - 7*n. Calculate the remainder when q is divided by 7.
1
Let k = 6 + -4. Suppose k*z = 10 + 12. What is the remainder when (0 + -1)/(-1)*-2 + 56 is divided by z?
10
Suppose -4*w + 16 = 4*w. Suppose w*s - 79 = -2*n + n, 3*s + 3*n = 117. Let y(d) = d**3 - 3*d - 4. Calculate the remainder when s is divided by y(3).
12
Let l(a) = -2*a**2 - 14*a - 21. Let k be l(-10). Let w = k - -126. What is the remainder when 134 is divided by w?
44
Suppose 0 = 4*f - 3*n + 6*n - 39, -4*n = -f + 5. Suppose 4*w = -70 + 202. Let a = w - f. What is the remainder when a is divided by 9?
6
Let x(o) = -26*o - 10*o + 2*o + 2*o. What is the remainder when x(-1) is divided by 18?
14
What is the remainder when 44 is divided by 16/28 - (-180)/28 - -6?
5
Suppose -205 = 93*z - 98*z. Calculate the remainder when 187 is divided by z.
23
Let d(s) = s**3 - 16*s**2 + 14*s + 19. Let z be d(15). Let m(v) = 6*v + 2. Let q be m(z). Let g = q - 22. Calculate the remainder when 8 is divided by g.
0
Suppose 6*k = -3*c + k - 227, 5*c = -2*k - 391. Let h = 24 + -41. Let b = h - c. Calculate the remainder when b is divided by 16.
14
Let b(q) = -q + 1. What is the remainder when b(-2) is divided by (30/(-6))/10*6/(-3)?
0
Let c(q) = 2*q - 37. What is the remainder when 248 is divided by c(43)?
3
Suppose -4*u = 2*d - 2, -d + 4*d = -2*u + 7. Calculate the remainder when d is divided by 20/(-70) - 27/(-21).
0
Let g be 4/(-18) - (-94)/18. Suppose g*k = 5*x + 100, -3*k = 4*x - x - 30. Suppose 0 = -2*v - v + k. What is the remainder when 19 is divided by v?
4
Let p = 327 + -222. Let d = 49 - 37. Calculate the remainder when p is divided by d.
9
Suppose -27*y = 3*k - 31*y - 73, -3*y = -k + 26. Suppose v - 8 = -2*u + 10, 0 = -4*v + 3*u + 17. What is the remainder when k is divided by v?
7
Suppose q - 4*t = -3*q + 756, t = 4*q - 768. What is the remainder when q is divided by 65?
63
Suppose -5*o = -308 + 78. Suppose -2*x = -2*z + 4*z - o, -3*z = -3. Let v = x - -2. What is the remainder when v is divided by 13?
11
Suppose 5*p + 5*f - 370 = 0, 2*p + 2*f + 391 = 7*p. Calculate the remainder when p is divided by 33.
11
Let w(i) = i**2 + 2*i + 7. Suppose -3*z = -4*z + 2. Let x = z + -9. Calculate the remainder when w(x) is divided by 11.
9
Let a = 23 + -24. Calculate the remainder when (28/3)/(-6*a/45) is divided by 12.
10
Let d = 41 - 45. What is the remainder when (d - -4) + 21 + 0 is divided by 15?
6
Suppose -j = -3*j + 148. Let n = j - 25. Suppose 0 = -4*l + 5*p + 40, 6*l - 2*l - 4*p = 40. What is the remainder when n is divided by l?
9
Let r(a) = -7*a - 12. Let d be r(-2). Let u(w) = 30*w + 12. What is the remainder when u(d) is divided by 20?
12
Let m be (12/9)/2 + (-553)/(-3). Let v = -108 + m. Calculate the remainder when v is divided by 18 - (0 + (0 - 2)).
17
Calculate the remainder when 414 is divided by 25 + 5*(3 + (-4 - 0)).
14
Let f = -7 - -15. Let k(n) = n**2 - 242*n - 2141. What is the remainder when k(-9) is divided by f?
6
Let b(w) = w**2 + 38*w + 205. Calculate the remainder when 185 is divided by b(-34).
47
Suppose 6 = 5*z - s, -3*z = -7*z - s + 3. Calculate the remainder when z*-1 - (-195)/13 is divided by 9.
5
Let f = 404 + 104. What is the remainder when f is divided by 34?
32
Let h(r) = r**2 - 6*r - 4. Let y be h(9). Let o = 32 - y. Suppose -10*w + o*w = -18. What is the remainder when 51 is divided by w?
15
Let q(a) be the second derivative of -a**4/12 + 3*a**3 + 7*a**2/2 - 6*a. Calculate the remainder when 95 is divided by q(17).
23
Let c = -5 - -11. Calculate the remainder when 3/60*52*(7 - 2) is divided by c.
1
Suppose 7*f - 270 = -8*f. Calculate the remainder when 77 is divided by (f - 1)/((-2)/(-2)).
9
Let n = 20 + 4. Suppose -8*v + 184 = -4*v. Calculate the remainder when v is divided by n.
22
Let c(i) = 2*i - 12. Let b be c(11). Suppose b*p - 5 = 5*p. What is the remainder when 47 is divided by 27 + p*(-2 + -1)?
23
Let x(o) = o**2 + 2*o - 27. What is the remainder when 209 is divided by x(7)?
29
Let d = 983 + -887. Calculate the remainder when d is divided by 56.
40
Suppose -242 - 2638 = -64*h. Calculate the remainder when 1034 is divided by h.
44
Let q(i) = 26*i + 709. What is the remainder when q(-26) is divided by 2?
1
Suppose -351 - 65 = -32*u. Calculate the remainder when 166 is divided by u.
10
Suppose 2*u - 16*u = -112. Let d(x) = -3*x + 30. Calculate the remainder when 26 is divided by d(u).
2
Let i = 25 - 36. Let d(p) = p**3 + 12*p**2 + 8*p - 26. Let n(y) = -y**3 - 6*y**2 - 8*y + 4. Calculate the remainder when n(-5) is divided by d(i).
5
Let h = 6 - -85. Calculate the remainder when h is divided by 43.
5
Let b(l) = l**3 - 4*l**2 - l - 4. Let k be b(5). Let g = -10 + k. What is the remainder when 16 is divided by g?
4
Let d(i) = 15*i**2 + 3*i. Suppose 0 = -10*a - 2*a + 168. Suppose 24*r - a = 23*r. What is the remainder when d(-2) is divided by r?
12
Let u(s) = -s + 24. Let x be u(8). Let o = x + -4. Suppose i + 5*r = 2, 2*r = -6*i + 3*i + 19. Calculate the remainder when o is divided by i.
5
Let g(l) = -l**3 + 7*l**2 - 12*l + 15. Let z be g(5). Suppose -13 = z*j - 48. Calculate the remainder when 13 is divided by j.
6
Suppose -6*v + 4*v = -2*h - 102, -h - 145 = -3*v. What is the remainder when 216 is divided by v?
28
Suppose -3*i = 6, x + x + 2*i - 326 = 0. Suppose -85 = -3*j - r, 2*j + 3*r + x = 7*j. Let b = -21 - -29. What is the remainder when j is divided by b?
6
Let d(s) = -2*s**2 - 32*s - 27. Let l be d(-15). Suppose 4*k - 15 = -l. What is the remainder when 6 is divided by k?
0
Let j(o) = o**2 - 21*o - 67. What is the remainder when j(-5) is divided by 4?
3
Let k = -237 - -379. Calculate the remainder when k is divided by 48.
46
Let n(q) = q**2 + 3*q + 5. Calculate the remainder when n(-5) is divided by -2 + 7 + 18/6.
7
Suppose -248 = y - 348. Calculate the remainder when y is divided by 56.
44
Let s = -18 + 21. Let m = s + -10. Let b = 4 - m. Calculate the remainder when 41 is divided by b.
8
Let k = 26 + -21. Let j = -3 + 4. What is the remainder when 18*(15/9 - j) is divided by k?
2
Let q(z) = -z**3 + 6*z**2 + 2*z - 9. What is the remainder when 62 is divided by q(3)?
14
Let j be (-6)/(3 + (-70)/22). Let d = j + -18. Calculate the remainder whe